the greatest common factor of d and 357?
17
Suppose 0 = -15*o + 5*o + 1000. Let v be 322/8 - (-5)/(-20). What is the highest common factor of o and v?
20
Suppose 2*q + 5*u = -0*u - 32, -4*u + 14 = -5*q. Let h be -2*(-4)/q*6/(-4). Calculate the highest common divisor of h and 2.
2
Let h = 119 + -90. Suppose 0 = l + 1, -3*r + 142 = 2*r + 3*l. Calculate the highest common divisor of h and r.
29
Let r = 105 - 75. Suppose -3*d + 366 = 3*y, 0 = -4*d - 0*y + y + 478. What is the greatest common divisor of d and r?
30
Let j = -19 - -27. Let s(r) = r**3 - 12*r**2 + 16*r + 9. Let z be s(j). Let p = z - -191. Calculate the highest common factor of 9 and p.
9
Let g(w) = w**2 + 10*w + 17. Let d be g(-9). Let a = 221 + -213. Calculate the greatest common factor of d and a.
8
Let x be (-4 - 4) + 2 + 19 + 1009. Calculate the greatest common divisor of x and 14.
14
Let l be 2734/26 - ((-987)/91 + 11). Calculate the greatest common factor of l and 175.
35
Suppose -78*n + 12246 = -8346. What is the greatest common divisor of n and 968?
88
Let v(i) = i**3 - 8*i**2 - 7*i - 13. Let z be v(9). Let s be 3/z - 231/(-15). Let l be ((-1)/2)/(1/(-96)). Calculate the greatest common factor of s and l.
16
Let v be (2/(-3))/((-3)/108). Suppose 0 = d - 4*i - v, 0 + 11 = -d - 3*i. Calculate the greatest common divisor of 4 and d.
4
Let a(j) = 3*j**2 - 3*j - 20. Let p be a(4). Calculate the highest common factor of p and 1.
1
Suppose 39 = -2*k - 7. Let q = 33 + k. What is the greatest common factor of 4 and q?
2
Suppose -201 = -5*w - 31. Suppose -4*h + 2*i + 197 = -139, 0 = -2*h - 4*i + 178. Calculate the greatest common factor of w and h.
17
Let q = 22 + -7. Suppose -p - q = -6*p. Calculate the highest common factor of p and 2.
1
Let l be 580 + 2 + (0/(-6) - -7). Calculate the greatest common factor of 31 and l.
31
Suppose -6*z - 3*i - 42 = -4*z, -i = -3*z - 52. Let t be (36/(-30))/((-4)/10). Let m be 6/(t*(-1)/z). What is the highest common factor of m and 4?
4
Suppose 28*s - 1260 = 18*s. Calculate the greatest common factor of 108 and s.
18
Suppose -3 = -2*c - 3*c - 3*k, 2*k = 3*c - 17. Suppose -8*n + c*n + 100 = 0. Suppose -3*d + 5*d = n. What is the greatest common divisor of d and 80?
10
Let g be (-1)/((-2)/(-81))*20/(-15). Suppose g = 2*j + x, -3*j - 4*x + 5*x = -81. Calculate the highest common divisor of 18 and j.
9
Let v be 566 + (9 - 15)/(-6). Calculate the highest common divisor of v and 36.
9
Let a be 8/(-10)*35/(-14). Suppose -363 = a*c - 1419. Suppose 4*d - d - 5*l - 292 = 0, -5*d - 2*l = -c. Calculate the greatest common factor of 13 and d.
13
Let s = 295 + -151. What is the highest common factor of 126 and s?
18
Suppose 3*g + 189 = 2*a, -2*a + 6*a = -g + 385. Let b = a + -80. Calculate the greatest common divisor of 144 and b.
16
Let f be ((-10)/(-4))/((-9)/(-18)). Let n be 10/(-6)*(-9)/f. Suppose -3*z - 46 = 4*h - 127, n*h + 4*z - 59 = 0. What is the highest common divisor of h and 231?
21
Suppose 5*m - h - 14462 = 0, -124*h = m - 126*h - 2896. Calculate the highest common factor of m and 12.
12
Let x be -126*(-5)/15*3. Suppose -42 + 0 = -2*h. Calculate the greatest common divisor of x and h.
21
Let w = -4881 + 4913. Suppose -4*c - 128 = -2*v, -v - c + 63 = -1. What is the greatest common divisor of w and v?
32
Let j = 534 - 474. What is the greatest common divisor of 24 and j?
12
Let b(y) = -y + 11. Let h be b(6). Suppose -5*l - 225 = h*q, l - 4*q + 27 = -13. Let z = l + 80. Calculate the greatest common divisor of z and 24.
12
Let i be 4*3/12*2*1. Suppose i*v = -2 + 22. What is the greatest common factor of 10 and v?
10
Let f(j) = -117*j + 1129. Let c be f(5). What is the greatest common factor of 384 and c?
32
Suppose -2*u - 30 = -4*b, -3*b - u + 11 = 1. Let k be 3/(-21) - (-648)/126. Calculate the highest common factor of b and k.
5
Let w(a) = -47*a + 1. Let r be w(-1). Suppose -352 = 19*h - 22*h + 2*n, 380 = 3*h + 5*n. What is the highest common factor of h and r?
24
Suppose 5*h + 72*h - 52822 = 0. Calculate the greatest common divisor of h and 56.
14
Suppose 102*s = 99*s + 414. Calculate the highest common factor of 46 and s.
46
Let c(z) = -z**2 - 51*z + 171. Let j be c(-54). What is the greatest common divisor of 873 and j?
9
Let v(j) = -j**3 + 8*j**2 - 8*j + 6. Let s be v(5). Let p = s - 39. What is the greatest common factor of p and 18?
2
Suppose -12 = -b + 126. Suppose 0 = 2*m - 5*m + b. Suppose 2*a = n - m + 10, -a = -n + 33. What is the greatest common factor of n and 20?
10
Let f(a) = 9*a**2 - 2*a - 1. Let r be f(4). Let x(z) = -z**2 - 37*z - 21. Let y be x(-36). Calculate the highest common factor of y and r.
15
Let w(r) = -r**3 + 3*r**2 + 5*r + 1. Let p be w(4). Suppose -5*t + 590 = p*u, 0 = -5*t - 15 - 0. Calculate the greatest common divisor of 11 and u.
11
Suppose -5*q = -15 + 5. Let f = 22 + 4. Suppose -q*y + f = -18. What is the greatest common divisor of 11 and y?
11
Suppose -4*r - r + 3*z + 255 = 0, 129 = 3*r + 3*z. What is the greatest common factor of 168 and r?
24
Let c = -374 - -1034. What is the highest common divisor of 60 and c?
60
Let c(k) = -10*k + 68. Let i be c(16). Let f = i - -113. Calculate the highest common factor of 42 and f.
21
Let q be (-6)/16 + 454/16. Suppose 5*m + 0*m = 350. Calculate the greatest common factor of q and m.
14
Let d = 1944 - 1931. What is the greatest common factor of 1703 and d?
13
Suppose 0*a + 2*y = -2*a + 118, 4*y + 4 = 0. Suppose -36 = -4*g + a. Calculate the greatest common factor of g and 3.
3
Suppose 4*u - 7*u + 330 = 0. Let p = -112 + 368. Suppose -4*c - 80 = -p. Calculate the highest common factor of u and c.
22
Let r(g) = -2*g**3 - g**2 + 5*g + 3. Let z be r(-3). Let v = z + -5. Calculate the highest common divisor of 42 and v.
14
Let g = 1238 - 1026. Calculate the highest common divisor of g and 4.
4
Let t be 6/24 - 926/(-8). What is the highest common factor of 406 and t?
58
Let l(f) = -f**2 - 2*f + 9. Let t be l(-5). Let j be (2/3)/((-2)/t). Calculate the highest common divisor of 16 and j.
2
Let x(d) = -11*d - 30. Let h be x(4). Let t = 10 - h. Calculate the greatest common factor of 6 and t.
6
Let d(s) = 2*s + 6. Let n be d(7). Let w(u) = 6*u - 14. Let r be w(4). What is the greatest common factor of n and r?
10
Let z(f) = 25*f - 10. Let g = -132 + 137. Let k be z(g). Calculate the greatest common factor of 46 and k.
23
Let c(k) = k**3 + 3*k**2 - 11*k - 8. Let w = 154 + -158. Let u be c(w). What is the highest common factor of 10 and u?
10
Let w(c) = -4*c**3 + 2*c**2 + 1. Let r be w(2). Let b = r + 41. Calculate the highest common factor of b and 162.
18
Suppose 4 - 12 = -4*w. Suppose -5*j + 2*j - w*v = -13, 5*j + 3*v = 20. Let z be -1 + 2 + j + 1. What is the greatest common factor of 9 and z?
3
Let f = 331 - 303. Calculate the highest common divisor of 756 and f.
28
Suppose 2*o - 13 = 5*p, o = -o - 5*p + 63. Suppose 2538 = 16*b + 762. Let n = b - 73. Calculate the greatest common factor of o and n.
19
Suppose -1 = -u + 9. Let p = 55 - -19. Let w = p - -16. What is the highest common factor of u and w?
10
Let a = -17 - -23. Suppose 9 = a*w - 3. Suppose 0 = -r + 3, -w*r = 4*n - r - 59. Calculate the highest common divisor of 42 and n.
14
Let l be -1 - (173 - -2)*-1. Suppose 3*f - l = -54. Calculate the highest common factor of 16 and f.
8
Suppose -147*m = -167*m + 14720. What is the highest common factor of 16 and m?
16
Let w(s) = s**2 + 79*s - 509. Let r be w(6). Suppose -4 - 2 = -2*p. What is the greatest common factor of p and r?
1
Suppose 2*z - p - 9 = 0, 2*p + 2*p - 3 = -5*z. Suppose -z*b - 45 = -4*b. What is the highest common divisor of 18 and b?
9
Let g(y) = -10*y + 2. Let b(q) = -q - 2. Let z be b(4). Let x be g(z). Let k = x + -35. What is the highest common divisor of 18 and k?
9
Let z(c) = -4*c. Let s be z(-3). Let n(b) = 107*b**3 - 6*b**2 + 12*b - 5. Let g be n(1). Calculate the greatest common factor of g and s.
12
Suppose -5*s + 3*y = -273, 78 = 3*s - 2*y - 85. Calculate the greatest common divisor of 19 and s.
19
Suppose 3*n + 2*v = -3, -2*v + 27 - 6 = -5*n. Let o = 6 + 6. Let g be 1041/4 + n/o. What is the greatest common factor of 26 and g?
26
Let c(g) = -g**2 + 3. Let d be c(0). Let f(h) = h**d - h**2 + 3 + h + 4*h - 4*h. Let a be f(5). What is the greatest co